ive u(2).
122
Let s(h) = -h**3 + 11*h**2 + 31*h - 66. Determine s(13).
-1
Let l(u) = 2*u + 14. What is l(0)?
14
Let c(t) = 2*t**2 - 15*t - 5. What is c(7)?
-12
Let m(x) = x + 23. Calculate m(9).
32
Let h(a) = -a**3 + 4*a**2 + 10*a + 6. Determine h(6).
-6
Let z(a) = 55*a + 280. Give z(-5).
5
Let x(r) = -r**2 + 7*r - 26. Give x(6).
-20
Let y(u) = u**2 - 9*u + 8. Calculate y(7).
-6
Let d(n) = -3*n**2 - 7*n + 14. Give d(2).
-12
Let v(n) = n**3 + 11*n**2 + 9*n - 14. Determine v(-10).
-4
Let h(y) = y**3 - 8*y**2 + 19*y - 5. What is h(5)?
15
Let j(t) = t**3 + t**2 - t - 61. Give j(0).
-61
Let p(r) = -r**2 - 2*r + 17. Determine p(3).
2
Let h(l) = -3*l**2 + 18*l - 3. Determine h(6).
-3
Let o(r) = r**2 - 6*r + 7. Determine o(3).
-2
Let j(c) = -c**3 + 6*c**2 - 5*c + 3. Calculate j(4).
15
Let y(k) = 3*k**3 - 5*k**2 + 5*k - 1. Determine y(2).
13
Let r(h) = -h**2 + 6*h - 6. What is r(5)?
-1
Let p(b) = -b**2 + b + 16. Determine p(0).
16
Let b(q) = q**3 + 11*q**2 + 2*q + 22. Calculate b(-10).
102
Let j(u) = 8*u - 38. Determine j(9).
34
Let r(i) = -i**3 - 1. What is r(-1)?
0
Let i(z) = -z**3 - 16*z**2 - 28*z + 10. Give i(-14).
10
Let d(p) = -28*p**3 - p**2 + p + 1. Give d(-1).
27
Let d(t) = t**2 - 17*t + 18. What is d(17)?
18
Let b(g) = -g**3 - 2*g**2 - 2*g - 10. What is b(0)?
-10
Let x(y) = 2*y**3 - 20*y**2 - y + 4. Give x(10).
-6
Let w(r) = 2*r**3 + r**2 + 6*r + 2. What is w(-3)?
-61
Let v(c) = c**3 + 6*c**2 + c + 1. Give v(-6).
-5
Let d(k) = k + 18. Give d(9).
27
Let b(g) = -15*g. Give b(-4).
60
Let h(f) = 4*f**2 - f - 8. Calculate h(4).
52
Let z(v) = -v**3 - 4*v**2 + 10*v - 10. Give z(-6).
2
Let n(h) = -h**3 - 7*h**2 + 8. Give n(-6).
-28
Let w(j) = -j**3 - 5*j**2 - 2*j + 20. Determine w(-4).
12
Let n(j) = -j**2 - 6*j - 11. Give n(-8).
-27
Let o(p) = -11*p - 1. What is o(-3)?
32
Let q(g) = -g**2 - 29*g + 37. Give q(-30).
7
Let z(n) = -n**3 - 10*n**2 - 14*n - 30. Calculate z(-9).
15
Let k(j) = -25*j - 74. Give k(-3).
1
Let p(k) = 2*k**3 + 8*k**2 + k - 11. Give p(-6).
-161
Let l(j) = j**2 + 13*j + 2. Give l(-15).
32
Let i(r) = -r**3 + 5*r**2 - 7*r + 9. What is i(4)?
-3
Let t(v) = -v**3 + 9*v**2 + 7*v + 6. Determine t(10).
-24
Let g(q) = 4*q - 12. Calculate g(5).
8
Let m(i) = i - 1. What is m(-4)?
-5
Let x(y) = -27*y - 164. Calculate x(-6).
-2
Let s(l) = -l - 10. Give s(8).
-18
Let p(x) = 3*x + 10. Calculate p(-12).
-26
Let p(k) = 8*k**3 - 2*k - 1. Give p(-1).
-7
Let u(p) = -6*p + 24. Give u(4).
0
Let o(m) = 2*m**2 - 3*m + 1. Determine o(-3).
28
Let o(v) = -8*v**2 - 5*v - 3. Calculate o(-1).
-6
Let l(x) = x**2 - 9. Calculate l(-4).
7
Let b(z) = 4*z**2 - 3*z - 1. What is b(6)?
125
Let j(q) = 5*q**2 - 4*q + 12. Calculate j(4).
76
Let w(b) = -b**3 + 11*b**2 + 7*b - 129. Determine w(10).
41
Let g(m) = m**3 + 2*m**2 + m + 6. What is g(0)?
6
Let v(c) = 12*c + 1. Give v(1).
13
Let y(o) = -o**2 - 24*o - 45. Give y(-22).
-1
Let w(y) = 5*y + 37. Determine w(-10).
-13
Let d(s) = -7*s + 1. Calculate d(-1).
8
Let y(l) = -17*l**2 - 26*l - 12. Determine y(-1).
-3
Let t(r) = r**3 - 10*r**2 + 2*r - 14. What is t(10)?
6
Let z(c) = -c**2 + c - 3. Calculate z(6).
-33
Let i(v) = v**3 + 5*v**2 + 4. Give i(-4).
20
Let v(r) = 25*r**3 - 3*r**2 - 3*r + 1. Determine v(-1).
-24
Let l(y) = 7*y + 6. Calculate l(-3).
-15
Let j(f) = 4*f + 16. Calculate j(-7).
-12
Let t(o) = -o**2 - 14*o - 15. Calculate t(-10).
25
Let p(d) = -d**2 + 6*d + 1. Calculate p(3).
10
Let b(k) = -3*k**3 - 22*k**2 - 6*k + 10. Give b(-7).
3
Let z(g) = g**2 - 2*g + 35. Give z(0).
35
Let r(p) = -p + 2. What is r(-3)?
5
Let p(u) = -u**3 - u**2 + 2*u + 38. What is p(0)?
38
Let q(y) = -7*y**2 - y + 2. Calculate q(1).
-6
Let k(m) = -4*m. Determine k(3).
-12
Let m(a) = -16*a - 365. Give m(-23).
3
Let s(v) = 3*v - 7. Calculate s(3).
2
Let l(h) = -h**3 - 13*h**2 - 14*h - 20. Give l(-12).
4
Let r(a) = -4*a**2 + 51*a + 7. What is r(13)?
-6
Let k(h) = h**3 - 4*h**2 + h + 1. Determine k(2).
-5
Let d(m) = -17*m**3 - m**2 - 2*m - 1. Give d(-1).
17
Let q(p) = -p**3 - 7*p**2 + 2*p + 17. Determine q(-7).
3
Let h(l) = l**2 - 12*l + 1. Give h(5).
-34
Let n(t) = -7*t - 3. Give n(-2).
11
Let k(q) = -2*q**2 + 4*q + 7. What is k(-3)?
-23
Let x(p) = -p**3 + 21*p**2 + 72*p - 19. Give x(24).
-19
Let z(s) = -4*s - 25. Give z(-8).
7
Let q(y) = -8*y - 10. Calculate q(4).
-42
Let i(t) = 22*t - 89. Give i(5).
21
Let n(m) = 4*m**3 + 4*m**2 + 10*m + 6. Give n(-1).
-4
Let n(y) = y**3 - 18*y**2 + 49*y - 44. Determine n(15).
16
Let r(k) = 2*k**2 - k + 2. Give r(3).
17
Let g(z) = -z**3 - 9*z**2 + 10*z + 7. Give g(-9).
-83
Let w(x) = -5*x + 58. Calculate w(13).
-7
Let y(g) = g + 21. Give y(-15).
6
Let t(i) = 98*i + 486. What is t(-5)?
-4
Let j(b) = -b**2 - 26. What is j(0)?
-26
Let c(o) = -o**2 + 10. What is c(-4)?
-6
Let n(o) = 5*o**3 + 3*o**2 - o - 1. Calculate n(1).
6
Let r(q) = -q**2 - 6*q. Calculate r(-6).
0
Let i(d) = d**3 + 5*d**2 + d - 5. Determine i(-5).
-10
Let r(c) = -c**3 + 14*c**2 + 13*c + 24. Determine r(15).
-6
Let s(p) = 4*p - 18. Give s(6).
6
Let o(v) = -5*v - 89. Calculate o(-17).
-4
Let g(z) = 6*z**2 - 12*z - 22. Give g(-2).
26
Let y(x) = -x + 15. Calculate y(17).
-2
Let r(h) = 3*h - 3. Calculate r(2).
3
Let u(m) = -3*m**2 - 4. Determine u(2).
-16
Let v(c) = -2*c**2 - 4*c - 10. Give v(5).
-80
Let u(o) = -o**3 + 16*o**2 + 3*o - 18. What is u(16)?
30
Let l(p) = 12*p - 534. Calculate l(44).
-6
Let r(q) = -2*q + 6. Determine r(0).
6
Let o(y) = 12*y**3 + 6*y**2 + 8*y + 2. Determine o(-1).
-12
Let h(d) = -9*d - 2. Calculate h(-3).
25
Let o(t) = 22*t - 1. Determine o(-1).
-23
Let j(p) = p**3 - 9*p**2 + 16*p - 64. What is j(8)?
0
Let b(d) = -47*d + 841. Give b(18).
-5
Let d(x) = -x**3 - 6*x**2 + 5*x - 9. Calculate d(-7).
5
Let o(s) = -6*s + 1. What is o(-7)?
43
Let h(a) = 3*a**3 - 5*a**2 - 5*a - 4. What is h(-3)?
-115
Let y(g) = 12*g**2 - 37*g + 9. Calculate y(3).
6
Let p(h) = -h**3 + 2*h**2 + 9*h - 9. What is p(4)?
-5
Let u(q) = 10*q - 4. Give u(4).
36
Let z(h) = -10*h**2 - 40*h + 41. Calculate z(1).
-9
Let r(i) = -7*i**2 - 114*i - 37. What is r(-16)?
-5
Let a(z) = -z**2 - 2*z + 7. Determine a(0).
7
Let z(j) = 5*j + 15. What is z(-5)?
-10
Let z(u) = -u + 80. Determine z(76).
4
Let b(w) = -25*w - 274. Calculate b(-11).
1
Let p(w) = w**3 - 7*w**2 + 14*w - 14. Determine p(5).
6
Let c(s) = -s**3 + 4*s**2 + 2*s + 9. Calculate c(5).
-6
Let r(h) = h**2 + 6*h + 10. Calculate r(-5).
5
Let k(w) = 77*w + 20. Determine k(-1).
-57
Let i(w) = w**3 - 5*w**2 + 8*w - 5. Calculate i(6).
79
Let s(r) = r**2 - 12*r - 12. What is s(10)?
-32
Let a(i) = -7*i - 13. What is a(-1)?
-6
Let j(d) = d + 1. Calculate j(0).
1
Let p(d) = d**3 - 30*d**2 - 29*d - 71. Determine p(31).
-9
Let v(m) = -7*m**2 + 8*m + 12. What is v(3)?
-27
Let l(o) = o**2 - 19*o + 40. Give l(17).
6
Let x(d) = -d**3 - 5*d**2 - 2*d + 2. Determine x(-7).
114
Let k(j) = 2*j**3 + 8*j**2 + 8*j - 1. Calculate k(-1).
-3
Let r(t) = -5*t - 13. Determine r(-3).
2
Let u(l) = l**2 + 38*l + 12. Determine u(0).
12
Let z(d) = d**3 + 7*d**2 - 6*d - 71. Give z(-5).
9
Let c(r) = -7*r + 2. Calculate c(2).
-12
Let t(b) = 3*b**2 + 7*b + 4. Give t(-4).
24
Let z(k) = -6*k + 14. Give z(-11).
80
Let j(x) = 7*x**2 - x + 1. Give j(1).
7
Let c(m) = 5*m + 14. Calculate c(15).
89
Let z(w) = 4*w**2 - 12*w - 3. Give z(4).
13
Let z(h) = -28*h + 102. Determine z(5).
-38
Let t(i) = 22*i - 76. Determine t(6).
56
Let j(x) = -x**2 + 19. What is j(0)?
19
Let d(f) = f**3 - 4*f**2 - 14*f + 53. Determine d(4).
-3
Let y(o) = -29*o - 33. Determine y(-5).
112
Let q(k) = k**2 - 15*k - 120. Determine q(-7).
34
Let x(y) = 5*y**3 + 2*y**2 - y - 2. Calculate x(-1).
-4
Let w(k) = k**2 + 7*k - 10. Determine w(-7).
-10
Let f(x) = -2*x**3 + 4*x**2 - 6*x - 4. Calculate f(3).
-40
Let v(j) = -3*j**2 + 3*j + 34. Determine v(-3).
-2
Let u(c) = c**3 + 17*c**2 - 13*c + 85. Give u(-18).
-5
Let g(j) = j + 27. Determine g(6).
33
Let u(g) = 11*g + 47. What is u(-5)?
-8
Let f(w) = w**3 + 15*w**2 + 16*w + 37. Determine f(-14).
9
Let t(p) = -p**2 - 6*p + 3. Give t(-5).
8
Let s(y) = y**3 - 12*y**2 + 10*y + 8. Give s(11).
-3
Let a(o) = 55*o**2 + 2*o + 3. Give a(-1).
56
Let f(j) = 2*j**3 + 5*j**2 - 10*j - 4. Determine f(2).
12
Let q(b) = -14*b - 1334. What is q(-95)?
-4
Let k(y) = -y**2 + 3*y + 42. What is k(8)?
2
Let z(m) = -7*m - 4. Determine z(-3).
17
Let l(g) = 5*